hest common divisor of 1755 and 190944.
351
What is the highest common divisor of 1208999 and 262?
131
What is the highest common factor of 61491 and 398?
199
Calculate the highest common factor of 2864 and 60323.
179
What is the greatest common divisor of 8029143 and 29?
29
What is the highest common factor of 72 and 387864?
72
Calculate the highest common divisor of 933156 and 21.
21
What is the highest common divisor of 3558852 and 684?
684
What is the highest common factor of 13920 and 25888?
32
Calculate the greatest common factor of 2097 and 388877.
233
What is the highest common divisor of 213370 and 304?
38
Calculate the highest common divisor of 400 and 8176.
16
Calculate the highest common divisor of 882388 and 3824.
956
What is the highest common factor of 4 and 3325564?
4
Calculate the greatest common factor of 864 and 226656.
288
What is the greatest common divisor of 786 and 11658738?
786
Calculate the greatest common divisor of 1746 and 86718.
582
What is the highest common factor of 53970 and 4470?
30
What is the greatest common divisor of 1085 and 483?
7
What is the greatest common factor of 3702 and 86380?
1234
What is the greatest common divisor of 812 and 128992?
116
What is the highest common divisor of 103 and 3045401?
103
Calculate the greatest common divisor of 18 and 787419.
9
Calculate the greatest common factor of 161 and 1219.
23
Calculate the greatest common factor of 257683 and 508.
127
Calculate the greatest common factor of 1248000 and 21450.
1950
What is the greatest common divisor of 357 and 494921?
119
Calculate the highest common factor of 321084 and 36.
36
What is the greatest common divisor of 44298 and 276?
138
Calculate the highest common factor of 42056 and 448.
56
Calculate the greatest common factor of 142064 and 1456.
208
Calculate the greatest common divisor of 7436 and 352.
44
What is the highest common factor of 6577 and 1?
1
Calculate the highest common divisor of 129856 and 112.
16
Calculate the greatest common divisor of 15215 and 15640.
85
Calculate the greatest common divisor of 4809690 and 90.
90
What is the highest common factor of 326150 and 4?
2
What is the highest common factor of 17228 and 38468?
236
Calculate the greatest common divisor of 1784042 and 767.
767
What is the highest common divisor of 13 and 12690808?
13
Calculate the highest common divisor of 104 and 142012.
52
What is the greatest common factor of 7797 and 678?
339
What is the highest common divisor of 26 and 13474?
2
Calculate the greatest common divisor of 11 and 30239.
11
Calculate the greatest common divisor of 56 and 507010.
14
What is the greatest common factor of 23616 and 19392?
192
What is the highest common factor of 200 and 24000?
200
Calculate the greatest common factor of 391264 and 416.
32
What is the greatest common divisor of 20508 and 8?
4
Calculate the greatest common factor of 1190 and 13251.
7
What is the highest common factor of 478 and 1156043?
239
Calculate the greatest common divisor of 166 and 3262315.
83
Calculate the highest common factor of 826 and 6482.
14
What is the highest common divisor of 1534 and 1086662?
118
What is the highest common divisor of 1400 and 255080?
280
What is the highest common factor of 630 and 14985?
45
Calculate the highest common factor of 2410 and 35.
5
Calculate the highest common divisor of 4586 and 64.
2
Calculate the highest common divisor of 17596 and 55756.
212
What is the greatest common divisor of 3 and 104457?
3
What is the highest common divisor of 8084 and 8428?
172
What is the greatest common divisor of 30 and 315885?
15
What is the highest common factor of 165088 and 78848?
2464
What is the greatest common divisor of 197810 and 15458?
262
What is the greatest common factor of 871 and 20735?
13
Calculate the highest common factor of 6 and 7091886.
6
Calculate the greatest common factor of 26 and 1928082.
26
Calculate the greatest common divisor of 11300 and 188710.
1130
Calculate the highest common factor of 324 and 5196.
12
Calculate the greatest common factor of 114 and 275386.
38
What is the highest common factor of 144268 and 4?
4
Calculate the greatest common divisor of 20 and 396680.
20
Calculate the highest common factor of 3648 and 4142.
38
What is the highest common factor of 3431 and 39128?
73
What is the greatest common factor of 17730 and 1665?
45
What is the highest common divisor of 915900 and 20?
20
What is the greatest common divisor of 27 and 333?
9
Calculate the highest common factor of 4216 and 88128.
136
Calculate the highest common divisor of 14 and 166.
2
Calculate the greatest common factor of 1408 and 2376.
88
What is the highest common divisor of 34 and 34408?
34
What is the highest common divisor of 32706 and 13272?
474
What is the greatest common divisor of 338644 and 248?
124
What is the greatest common factor of 10293 and 1034?
47
What is the greatest common factor of 70 and 37810?
10
Calculate the greatest common factor of 139 and 51847.
139
Calculate the highest common divisor of 4199 and 11609.
247
What is the greatest common divisor of 175047 and 228?
57
What is the highest common divisor of 2380 and 2030?
70
What is the highest common factor of 3479 and 56161?
497
Calculate the highest common divisor of 19306 and 12608.
394
What is the highest common factor of 80373 and 584?
73
Calculate the greatest common factor of 2552 and 10556.
116
What is the greatest common divisor of 1440 and 802800?
720
What is the greatest common divisor of 82 and 2188006?
82
What is the greatest common divisor of 493 and 23693?
29
Calculate the greatest common divisor of 532 and 13433.
133
What is the greatest common divisor of 182 and 826?
14
Calculate the highest common divisor of 73 and 515.
1
What is the greatest common divisor of 386 and 1988672?
386
What is the greatest common divisor of 50900 and 100?
100
What is the highest common factor of 486 and 357615?
81
Calculate the greatest common divisor of 287135 and 15.
5
What is the highest common divisor of 12 and 3911892?
12
What is the greatest common factor of 126073 and 417?
139
Calculate the highest common factor of 76 and 42268.
4
Calculate the highest common divisor of 41533 and 82.
41
Calculate the greatest common factor of 3626 and 58534.
518
What is the greatest common factor of 671 and 171715?
61
Calculate the highest common divisor of 126 and 16623.
9
What is the greatest common factor of 75884 and 1281?
61
Calculate the highest common divisor of 2 and 64.
2
What is the highest common divisor of 7068 and 1674?
186
What is the highest common divisor of 5959 and 404?
101
Calculate the highest common factor of 832 and 398.
2
What is the highest common divisor of 1420 and 12?
4
What is the highest common divisor of 3438 and 558?
18
Calculate the highest common factor of 231 and 484512.
21
What is the greatest common factor of 81697 and 154?
77
Calculate the greatest common divisor of 7515 and 1215.
45
What is the greatest common divisor of 11515 and 940?
235
Calculate the highest common factor of 191712 and 1600.
32
What is the highest common divisor of 17422 and 310?
62
What is the greatest common factor of 18 and 36882?
18
What is the highest common factor of 9476 and 460?
92
Calculate the greatest common divisor of 962 and 27.
1
What is the greatest common factor of 475 and 178125?
475
Calculate the highest common factor of 61260 and 340.
20
What is the highest common divisor of 2604 and 5908?
28
Calculate the highest common divisor of 10408 and 4088.
8
Calculate the highest common divisor of 35 and 7196560.
35
What is the highest common divisor of 1147 and 1643?
31
Calculate the greatest common factor of 21843810 and 10.
10
Calculate the highest common factor of 610 and 3741130.
610
Calculate the highest common divisor of 4118 and 5191.
29
Calculate the highest common factor of 1220240 and 2800.
560
What is the highest common divisor of 288 and 166212?
36
Calculate the greatest common divisor of 640 and 4710.
10
What is the highest common factor of 1579 and 1331097?
1579
Calculate the greatest common factor of 18 and 39654.
18
Calculate the greatest common factor of 2796 and 8.
4
Calculate the greatest common divisor of 256550 and 2000.
50
What is the highest common factor